of 3*k**2/2 - 2. Let m be (1/(-4))/(4/16). What is d(m)?
-3
Let t(u) = -4*u**3 + 22*u**2 + 19*u + 15. Let l(c) = 3*c**3 - 15*c**2 - 13*c - 10. Let x(o) = 7*l(o) + 5*t(o). Give x(-5).
-15
Suppose i = -4*v - 0 - 18, 4*i + 4*v + 24 = 0. Let p = -5 - i. Let f be ((-3)/9)/(1/p). Let h(d) = 3*d**2 - 2*d + 1. What is h(f)?
2
Suppose 4*b = 10 - 2. Suppose -4*y = 3*f - 2, -2*f - 2 = 2. Suppose -3*r + 9 = b*d, -y*r + 2 = -5*d - 4. Let x(z) = -z**3 + z**2 - z - 5. Determine x(d).
-5
Let l be (-136)/(-10) + 2/5. Let z be l/(-21) - 11/(-3). Let i(x) = -x**3 + 4*x**2 + x - 4. Calculate i(z).
8
Suppose -2*s + 2*q = 5*q - 26, -q = 2*s - 30. Let h(r) = -r + 17. Let v be h(7). Let o = s - v. Let u(t) = -2*t + 9. Determine u(o).
-3
Suppose -6*v + 4*v - 2 = -2*a, -20 = 4*a. Let q(d) be the third derivative of -d**5/60 - 7*d**4/24 - 5*d**3/6 - d**2. What is q(v)?
1
Let d(q) = -1. Let j(v) = -3*v + 4. Let a(c) = 5*d(c) + j(c). Suppose -2*b - 1 = -3, -3*w - 5*b = -8. Calculate a(w).
-4
Let d(m) = -2*m**2 + 4*m - 1. Let n(g) = -2*g - 1. Let l be n(-2). Calculate d(l).
-7
Suppose -m - 2*m = a - 4, 0 = -2*a + 2. Let d be (-2 - (-5 + 3)) + 2. Let s(i) = -d - 8*i + 3 - i. What is s(m)?
-8
Let a(u) be the first derivative of 3*u**3 + 17*u**2/2 + 11*u - 1. Let w(k) = 4*k**2 + 8*k + 5. Let n(l) = 2*a(l) - 5*w(l). Give n(-4).
-11
Let r be 5*1 - (1 - 1). Let p(v) = -2*v + 2*v**2 - 3 + 4 + r*v**3 + 0*v. Suppose -3 = 2*m - 5. Determine p(m).
6
Let c(i) = -i + 1. Let w be 14/(-5) + (-17)/85. Calculate c(w).
4
Let r(n) = n**2 + 5*n - 10. Let j = 5 - 12. What is r(j)?
4
Let y(b) be the third derivative of -b**4/24 + b**3 + 5*b**2. Calculate y(0).
6
Let v(j) = 3*j**3 - 3*j**2 + 4*j - 5. Let u(p) = 8*p**3 - 9*p**2 + 11*p - 14. Let x(i) = 4*u(i) - 11*v(i). Determine x(-4).
15
Suppose 5*r = 2*r. Suppose 5*g + 1 - 11 = r. Let c(m) = -5*m + 0 + 0 + m**g. What is c(4)?
-4
Let l(s) = -12*s**2 + 6*s + 7. Let f(n) = 23*n**2 - 11*n - 13. Let q(p) = -6*f(p) - 11*l(p). Let t be (0 - -3) + 0 + 0. Let k be t + -2 - (-4 - -4). Give q(k).
-5
Let k(x) = x + 1 + 0 + 6*x - x. Determine k(-2).
-11
Let c(z) = 80*z**2 - 41*z**2 - 33*z**2. Calculate c(1).
6
Let d(m) = -8*m**2 - 26*m - 6. Let n(x) = 3*x**2 + 9*x + 2. Let y(k) = 4*d(k) + 11*n(k). Let u be -3 + 2 - (0 + -6). Calculate y(u).
-2
Let i(f) = -5*f**3 - 2*f**2 + 1. Suppose -2*j - 4 = -0*j. Let r be 3*(j + 4/6). Let t = r + 3. Determine i(t).
4
Let k(y) = 11 - 3 + 1 - 6*y + y**2 - 4. Give k(6).
5
Suppose 3 = -3*h + 3*o, 0 = -5*h + 2*h - o - 11. Let v(q) be the second derivative of -q**3/6 - 16*q. Calculate v(h).
3
Let s(x) = -6*x - 8 + 5 + 9 + x**2. Let i = -13 - -19. Give s(i).
6
Let l(t) = 8*t**3 - t**2 - 10. Let k(z) = -7*z**3 + z**2 + 9. Let s(x) = -7*k(x) - 6*l(x). Give s(0).
-3
Let m(g) = g**2 - 4*g + 1. Suppose 3*k = -0*l - l + 154, -k - l = -50. Suppose q + 3*q = k. Let z be q/5 - (-6)/15. Determine m(z).
-2
Let p(a) = -a**3 + 8*a**2 + 2*a - 12. Suppose -2*b + 4*u + 28 = 0, 3*u - 8 - 7 = -3*b. Give p(b).
4
Let i = 7 - 5. Suppose 0 = -2*d - i*d. Let v(b) = -b**3 + b**2 + b + 4. What is v(d)?
4
Let f = -10 + 8. Let a be (-2 - f) + -4 + 5. Let z(u) = 10*u - 1. What is z(a)?
9
Let n be -2*3/(-6)*3. Suppose 0 = 5*t + 4*h + 27, -n*t - h - 18 = 2*t. Let z(f) = -f**2 - 4*f - 3. What is z(t)?
0
Let g(y) = 5*y**3 + 5*y**2 + 2*y - 7 - 5*y**3 - y**3. Suppose 5 = -3*c + k - 6*k, -4*k = -2*c + 26. Calculate g(c).
3
Suppose 15 = 4*p - p. Let v(j) = j**2 - 2*j - 4. Determine v(p).
11
Suppose j - 2 = 3*c - 16, -9 = 3*j + 2*c. Let o(y) = -y**2 - 6*y - 7. Determine o(j).
-2
Let f(x) = -5*x**3 + 3*x**2 - x + 2. Let z(v) = 4*v**3 - 3*v**2 + v - 2. Let w(r) = -2*f(r) - 3*z(r). Calculate w(2).
-4
Let g(d) be the second derivative of d**7/2520 + d**6/720 + d**5/120 + 5*d**4/12 - 2*d. Let r(f) be the third derivative of g(f). What is r(0)?
1
Suppose 0 = -0*w - 2*w + 4. Let g(r) = -6*r**2 - 2*r**2 + 0*r**2 + 1 + w*r. Let o be 2/(-2) + (-2 - -2). Determine g(o).
-9
Let m(r) = r**2 - r. Let l(n) = 2*n**2 - n - 1. Let i(o) = -2*l(o) + 3*m(o). Determine i(2).
-4
Let b(l) = l - 14. Let m(c) = 2*c - 27. Let k(o) = 5*b(o) - 3*m(o). Determine k(5).
6
Let g = -13 - -53/4. Let z(v) be the second derivative of -g*v**4 - 1/6*v**3 + 0 + v + v**2. Calculate z(-2).
-8
Let f(l) = l - 5. Let n(q) = 1. Let d(j) = f(j) + 4*n(j). Determine d(2).
1
Let k be (-48)/30*5/(-2). Suppose 0*r - 3*r - 3*t = -9, -k*r = -2*t. Let b(w) = 6*w**2 - 1. Give b(r).
5
Let q(y) = -3*y + 1. Let s(h) = -h - 11. Let r(d) = -d - 6. Let n(z) = -7*r(z) + 4*s(z). Let l = -6 - -9. Let m(k) = l*n(k) + 2*q(k). Calculate m(4).
8
Suppose -4*x + 14 = 5*w, -3*w + 4 = 5*x - 7. Suppose 2 + 4 = 2*v. Let j(m) = -1 - 4*m**2 - m**2 + v*m**2 + 5*m + 7*m**3 - 3*m. Give j(x).
6
Let k(n) be the third derivative of -n**6/120 - n**5/60 + 2*n**3/3 - 12*n**2. Suppose 5*p + 3*t = 6, p + 2 = t - 0*t. Determine k(p).
4
Let d(h) = 7*h + 8. Let w(q) = 5*q + 8. Let y(f) = 2*d(f) - 3*w(f). Calculate y(10).
-18
Let z(g) = -1 + 0*g + 4 - 3*g + 6*g. Give z(-3).
-6
Let s(v) be the first derivative of -3*v**2 + 7*v - 13. Give s(5).
-23
Suppose -5*l = -25, -2*l - 2*l + 52 = 4*d. Let k(q) = -q**2 + 8*q - 6. Determine k(d).
-6
Let k(p) = p**3 + 12*p**2 - 13*p + 7. Let l be k(-13). Let u(m) = -m**3 + 7*m**2 + 4. Calculate u(l).
4
Suppose 8*t - 5 = -5. Let v(x) = x**3 - x**2 + x + 1. Calculate v(t).
1
Let f(v) = v**2 + 2*v + 3. Let t be (15/(-25))/(4/10)*2. What is f(t)?
6
Suppose 2*o - o + 5 = 0. Let a = 3 + -1. Let y(r) = 2 - 1 - r**3 + a*r - 5*r**2 + 4. Give y(o).
-5
Let c(k) = 2*k + 2. Suppose -4*z - 5*w + 149 = 0, -w = 3*z - 5*w - 135. Suppose 2*i = 5*p, 11 - z = 5*p + 4*i. Give c(p).
-2
Let g(s) = -13 + 7 + 9 - s. What is g(-4)?
7
Let u(i) = 2*i + 2. Let j = -7 - -5. Give u(j).
-2
Let r(u) be the second derivative of u**8/6720 + u**7/840 - u**5/40 + u**4/6 - 2*u. Let h(o) be the third derivative of r(o). Calculate h(-3).
-3
Let a be 32/5 + 4/(-10). Let u(w) = w**2 - 6*w + 1. Determine u(a).
1
Let u(z) = 10*z - 42. Let c be u(5). Let a(i) = i**3 - 8*i**2 - 3. Determine a(c).
-3
Let m(h) = -h**3 - 4*h**2 - 4*h + 1. Let r = -2 + -1. Let w be m(r). Let p(j) = w*j**2 - 3*j**2 + j + 4*j - 3. Determine p(-5).
-3
Suppose -3*i + 25 = 2*i. Let m(s) = -s**2 + 2*s + 3. Let j(a) = -2*a**2 + 5*a + 7. Let u(o) = -3*j(o) + 5*m(o). What is u(i)?
-6
Let n(j) be the third derivative of j**5/60 + 5*j**4/24 + j**3/3 - j**2. Let s be n(-3). Let a(p) = p**3 + 4*p**2 + 2*p + 5. What is a(s)?
-3
Let y(i) = i - 12. Suppose 4*x + 0*x = -2*x. Determine y(x).
-12
Let f be 0 + 2*1/2. Let t = f + 2. Let a(g) = -3*g + 1. Calculate a(t).
-8
Let f(g) = 2*g - 1 + 3 - g - g**2. Let n(t) = -t. Suppose 12 = -5*m + 2. Let q be n(m). What is f(q)?
0
Let l(j) = j**2 - 8*j - 5. Let i be 0 + (0 - (-8 - 0)). Let c be l(i). Let d(w) = -w**3 - 4*w**2 + 2*w - 3. What is d(c)?
12
Let x(c) = -c - 5. Let a = -16 + 8. Let l be x(a). Let v(b) be the first derivative of -b**4/4 + b**3 + b**2/2 + 1. Calculate v(l).
3
Let c = 32 - 9. Let n(u) = -c*u**2 - 6*u**3 + 23*u**2 - 1 + 0. Calculate n(-1).
5
Let y(j) = j**2 - j + 2. Let b = 23 + -21. What is y(b)?
4
Let v be 1 + 1 + -5 + 3. Suppose -2*j = 3*j + 25, -5*n - j + 20 = v. Let g(r) = -r**3 + 4*r**2 + 4*r - 1. Give g(n).
-6
Let x(t) be the first derivative of 2*t**3/3 + 3*t**2/2 - 4*t - 1. Suppose 5*s + 8*s = -39. Calculate x(s).
5
Let c(q) = q**3 + 4*q**2 + 4*q + 3. Let h be c(-2). Let m(k) = k**3 - 3*k**2 + 3*k - 4. Determine m(h).
5
Let l(m) = -m**3 - m**2 + m - 1. Let c(t) = -t**3 - 8*t**2 - 6*t + 9. Suppose 5*p - p = 5*d - 8, -5*p = 2*d - 23. Suppose x = -4 - p. Let b be c(x). Give l(b).
-11
Let h(y) = y**3 + y - 3. Suppose 1 - 7 = 2*b, -3*a + 6 = -2*b. What is h(a)?
-3
Let t(p) = -p + 3. Let v(n) = -n + 4. Let y(w) = -6*t(w) + 4*v(w). Let l(g) = -g**3 + 4*g**2 - 2*g + 2. Let o be l(2). Let r be (-2)/3 - (-16)/o. What is y(r)?
2
Let p(h) be the first derivative of h**4/24 + h**2/2 + 2. Let k(r) be the second derivative of p(r). Let o be 1 + ((-2)/(-2) - 7). Determine k(o).
-5
Let z(p) = 4*p + p**2 - p - 4*p. What is z(2)?
2
Let b(r) = -4*r**2 + 1. Let p be b(-1). Let t(s) be the first derivative of 1/2*s**2 + s - 4. What is t(p)?
-2
Let p(r) = -15*r**2 + r. Let c = 0 + 3. Let o(t) = t**2 - 2*t - 2. Let x be o(c). Give p(x).
-14
Let l(d